{"text_format":"1","workbook":"xlsx","n_sheets":5,"sheets":["Lists","db","Report 1","Report 2","Report 3"],"not_rendered":{"charts":1,"images":0,"macros":1,"external_links":0,"defined_names":11,"comments":0,"pivot_tables":0},"unopened":[],"bounds":{"document_bytes":16777216,"sheet_cells":100000,"rows_first":2000,"rows_last":500,"rows_between":2000,"halvings":0,"cell_chars":16384,"cell_head_chars":4096},"cells_cut":0,"cells_raw":0,"read":"whole","date_system":"1900"}

{"sheet":"Lists","index":0,"n_rows":20,"n_cols":1,"rows_kept":20,"cut":false,"hidden":false,"merged":[]}
["Genus"]
["Baryonyx"]
["Eustreptospondylus"]
["Megalosaurus"]
["Tyrannosaurus"]
["Albertosaurus"]
["Compsognathus"]
["Ornithomimus"]
["Therizinosaurus"]
["Oviraptor"]
["Microraptor"]
["Deinonychus"]
["Velociraptor"]
["Troodon"]
["Archaeopteryx"]
["Allosaurus"]
["Neovenator"]
["Carcharodontosaurus"]
["Giganotosaurus"]
["Mapusaurus"]

{"sheet":"db","index":1,"n_rows":96,"n_cols":12,"rows_kept":96,"cut":false,"hidden":false,"merged":[]}
["Month","Genus","Stat 1","Stat 2","Stat 3","Stat 4","Stat 5","Stat 6","Stat 7","Stat 8","Stat 9","Stat 10"]
["2015-01-01","Baryonyx",7,38,46,35,25,110,2300,93045,0.43,319721]
["2015-01-01","Eustreptospondylus",4,9,44,11,31,843,3932,84838,0.42,622204]
["2015-01-01","Megalosaurus",0,2,32,3,106,45,2205,87897,0.18,722912]
["2015-01-01","Tyrannosaurus",4,11,98,18,169,904,2497,52305,0.68,219668]
["2015-01-01","Albertosaurus",7,10,61,212,91,751,3971,88693,0.39,369741]
["2015-01-01","Compsognathus",8,33,21,130,145,67,4659,30316,0.71,836219]
["2015-01-01","Ornithomimus",2,43,94,166,210,434,3970,55778,0.62,8977]
["2015-01-01","Therizinosaurus",4,3,67,31,85,58,714,31449,0.69,823611]
["2015-01-01","Oviraptor",0,4,4,193,180,624,4083,99917,7.0000000000000007E-2,787207]
["2015-01-01","Microraptor",9,41,33,112,157,79,3575,82648,0.4,222545]
["2015-01-01","Deinonychus",7,50,4,165,142,481,1747,27456,0.91,30743]
["2015-01-01","Velociraptor",4,15,84,136,44,103,375,30296,0.59,597851]
["2015-01-01","Troodon",1,13,77,201,178,992,220,97566,0.95,122947]
["2015-01-01","Archaeopteryx",4,16,31,166,85,323,2749,37204,0.04,843087]
["2015-01-01","Allosaurus",5,24,32,166,7,612,1564,72010,0.62,9505]
["2015-01-01","Neovenator",7,41,41,219,173,926,4636,54223,0,252688]
["2015-01-01","Carcharodontosaurus",7,46,1,36,127,134,1336,95478,0.79,293184]
["2015-01-01","Giganotosaurus",3,14,88,164,157,734,1160,90832,0.95,57966]
["2015-01-01","Mapusaurus",3,19,81,104,150,62,768,91621,0.1,646223]
["2015-02-01","Baryonyx",4,35,59,223,25,785,1679,42201,0.28000000000000003,699704]
["2015-02-01","Eustreptospondylus",2,24,22,54,92,841,1713,49229,0.72,269786]
["2015-02-01","Megalosaurus",1,31,7,74,50,492,3815,99941,0.77,691784]
["2015-02-01","Tyrannosaurus",5,2,73,75,221,482,3982,55930,0.03,316997]
["2015-02-01","Albertosaurus",1,28,10,133,69,933,3237,53899,0.38,888304]
["2015-02-01","Compsognathus",2,12,86,6,179,366,2424,31626,0.08,77037]
["2015-02-01","Ornithomimus",6,19,98,12,35,523,3814,32738,0.22,720084]
["2015-02-01","Therizinosaurus",6,42,36,183,65,985,3661,84736,0.21,550989]
["2015-02-01","Oviraptor",3,15,74,189,57,30,1153,18072,0.16,547605]
["2015-02-01","Microraptor",6,16,43,63,127,65,1961,43797,0.95,16375]
["2015-02-01","Deinonychus",1,8,69,125,185,162,1919,39895,0.79,713556]
["2015-02-01","Velociraptor",1,36,22,146,205,802,2,95176,0.69,725752]
["2015-02-01","Troodon",9,14,86,181,142,585,4903,60165,0.09,711645]
["2015-02-01","Archaeopteryx",9,28,22,26,31,267,483,42338,0.24,482584]
["2015-02-01","Allosaurus",5,25,13,222,45,794,1143,31298,0.22,16340]
["2015-02-01","Neovenator",10,31,53,161,173,685,472,13610,0.49,330537]
["2015-02-01","Carcharodontosaurus",8,28,90,53,41,429,3804,27652,0.97,354658]
["2015-02-01","Giganotosaurus",3,42,94,29,26,225,1949,13734,0.34,886114]
["2015-02-01","Mapusaurus",8,23,41,60,59,703,596,3918,0.73,549732]
["2015-03-01","Baryonyx",6,46,36,65,3,891,2250,86823,0.4,814142]
["2015-03-01","Eustreptospondylus",3,13,60,34,104,33,2451,56605,0.2,425583]
["2015-03-01","Megalosaurus",5,20,6,67,108,786,3149,65499,0.28000000000000003,544197]
["2015-03-01","Tyrannosaurus",6,10,81,122,41,368,4347,75188,0.63,659957]
["2015-03-01","Albertosaurus",2,40,9,196,49,632,1727,91732,0.83,419810]
["2015-03-01","Compsognathus",1,12,15,2,117,261,707,23214,0.74,367795]
["2015-03-01","Ornithomimus",8,15,52,20,88,287,3728,24674,0.4,986903]
["2015-03-01","Therizinosaurus",8,11,5,10,18,720,302,98832,0.36,486825]
["2015-03-01","Oviraptor",1,40,15,171,38,511,2960,62444,0.38,13729]
["2015-03-01","Microraptor",8,7,93,37,185,650,4607,80193,0.51,234531]
["2015-03-01","Deinonychus",3,32,76,184,24,998,645,46832,0.91,593746]
["2015-03-01","Velociraptor",2,40,45,0,81,4,2134,47036,0.25,360902]
["2015-03-01","Troodon",1,7,15,149,102,296,3088,79167,0.77,125746]
["2015-03-01","Archaeopteryx",0,1,55,34,40,870,1732,9563,0.16,666755]
["2015-03-01","Allosaurus",1,40,11,54,14,336,1101,25484,0.19,299122]
["2015-03-01","Neovenator",4,13,76,111,66,99,2633,12515,0.23,254982]
["2015-03-01","Carcharodontosaurus",9,7,62,171,114,11,4166,26369,0.51,790449]
["2015-03-01","Giganotosaurus",10,9,95,18,96,384,849,63817,0.19,263201]
["2015-03-01","Mapusaurus",5,48,20,141,40,525,4345,65069,0.77,253397]
["2015-04-01","Baryonyx",4,12,56,39,115,660,3964,34872,0.49,146778]
["2015-04-01","Eustreptospondylus",7,19,99,47,152,563,208,98009,0.55000000000000004,289464]
["2015-04-01","Megalosaurus",2,14,61,178,197,273,1637,11347,0.21,646994]
["2015-04-01","Tyrannosaurus",3,32,38,17,141,636,1572,7445,0.97,604220]
["2015-04-01","Albertosaurus",1,17,96,174,168,44,2490,26635,0.05,429473]
["2015-04-01","Compsognathus",5,22,12,177,81,907,2883,14256,0.76,254793]
["2015-04-01","Ornithomimus",4,30,37,138,42,88,1908,13063,0.13,452681]
["2015-04-01","Therizinosaurus",7,24,21,158,138,695,3216,39078,0.92,337664]
["2015-04-01","Oviraptor",3,8,77,131,86,105,2348,96172,0.96,847340]
["2015-04-01","Microraptor",5,17,8,124,125,784,1786,56725,0.32,675156]
["2015-04-01","Deinonychus",2,30,98,157,164,416,1843,53948,0.67,705948]
["2015-04-01","Velociraptor",5,4,26,83,147,778,2815,1670,0.52,304700]
["2015-04-01","Troodon",3,39,61,204,132,262,4425,54069,0.81,263764]
["2015-04-01","Archaeopteryx",9,47,61,158,85,981,3161,78608,0.56999999999999995,616106]
["2015-04-01","Allosaurus",6,26,78,126,26,413,2565,40084,0.43,985661]
["2015-04-01","Neovenator",8,18,29,73,110,262,82,46611,0.1,879201]
["2015-04-01","Carcharodontosaurus",10,11,98,73,102,173,1405,46240,0.45,217329]
["2015-04-01","Giganotosaurus",6,44,97,40,114,805,1270,77638,0.68,938215]
["2015-04-01","Mapusaurus",4,10,85,29,149,237,2163,792,0.4,186107]
["2015-05-01","Baryonyx",10,6,12,64,117,651,4116,33685,0.81,743220]
["2015-05-01","Eustreptospondylus",1,27,72,136,76,33,2057,71721,0.21,41607]
["2015-05-01","Megalosaurus",4,47,11,110,125,525,1314,58606,0.5,444929]
["2015-05-01","Tyrannosaurus",2,21,44,58,97,153,508,96633,0.01,446466]
["2015-05-01","Albertosaurus",3,19,80,65,31,28,3435,14245,0.72,599160]
["2015-05-01","Compsognathus",7,1,67,134,161,517,2105,58975,0.23,639546]
["2015-05-01","Ornithomimus",2,32,16,214,84,216,3312,31009,0.32,491261]
["2015-05-01","Therizinosaurus",0,42,11,91,159,285,1932,43385,0.62,782224]
["2015-05-01","Oviraptor",4,43,58,32,224,259,1837,27659,0.28000000000000003,148614]
["2015-05-01","Microraptor",3,37,35,23,40,198,2781,7769,0.4,777805]
["2015-05-01","Deinonychus",3,12,49,95,199,875,3231,257,0.13,904965]
["2015-05-01","Velociraptor",4,25,3,55,106,645,72,2260,0.08,374680]
["2015-05-01","Troodon",7,49,32,62,105,958,2692,17611,0.87,733460]
["2015-05-01","Archaeopteryx",4,38,32,151,55,686,4755,50725,0.23,874073]
["2015-05-01","Allosaurus",10,12,19,79,138,126,4575,92848,0.77,992484]
["2015-05-01","Neovenator",5,3,58,96,137,841,2737,37190,0.55000000000000004,616238]
["2015-05-01","Carcharodontosaurus",3,38,95,150,179,609,4729,97641,0.04,105167]
["2015-05-01","Giganotosaurus",2,25,58,77,210,280,4745,30281,0.8,16236]
["2015-05-01","Mapusaurus",8,12,88,87,79,647,3085,61655,0.25,398719]

{"sheet":"Report 1","index":2,"n_rows":21,"n_cols":15,"rows_kept":21,"cut":false,"hidden":false,"merged":[]}
[false,true,true,true,true,true,true,true,true,{"$f":"$E$5=\"Compsognathus\"","v":false},true,true,true,true,true]
[true]
[true,null,{"$f":"\"Stat by Stat Multiplication  |  \"&E5&\"  |  \"&TEXT(E7,\"d/m/y\")&\" to \"&TEXT(E8,\"d/m/y\")","v":"Stat by Stat Multiplication  |  Baryonyx  |  1/1/15 to 1/5/15"}]
[true]
[true,null,null,"Genus","Baryonyx"]
[true]
[true,null,null,"Start Date","2015-01-01"]
[true,null,null,"End Date","2015-05-01"]
[true]
[true,null,null,null,"Stat 1","Stat 2","Stat 3","Stat 4","Stat 5",null,"Stat 6","Stat 7","Stat 8","Stat 9","Stat 10"]
[true,null,null,"Stat 1",{"$f":"IF(E$10=$D11,\"\",SUMIFS(db!C:C,db!$A:$A,\">=\"&$E$7,db!$A:$A,\"<=\"&$E$8,db!$B:$B,$E$5)*SUMIFS(db!$C:$C,db!$A:$A,\">=\"&$E$7,db!$A:$A,\"<=\"&$E$8,db!$B:$B,$E$5))","v":""},{"$f":"IF(F$10=$D11,\"\",SUMIFS(db!D:D,db!$A:$A,\">=\"&$E$7,db!$A:$A,\"<=\"&$E$8,db!$B:$B,$E$5)*SUMIFS(db!$C:$C,db!$A:$A,\">=\"&$E$7,db!$A:$A,\"<=\"&$E$8,db!$B:$B,$E$5))","v":4247},{"$f":"IF(G$10=$D11,\"\",SUMIFS(db!E:E,db!$A:$A,\">=\"&$E$7,db!$A:$A,\"<=\"&$E$8,db!$B:$B,$E$5)*SUMIFS(db!$C:$C,db!$A:$A,\">=\"&$E$7,db!$A:$A,\"<=\"&$E$8,db!$B:$B,$E$5))","v":6479},{"$f":"IF(H$10=$D11,\"\",SUMIFS(db!F:F,db!$A:$A,\">=\"&$E$7,db!$A:$A,\"<=\"&$E$8,db!$B:$B,$E$5)*SUMIFS(db!$C:$C,db!$A:$A,\">=\"&$E$7,db!$A:$A,\"<=\"&$E$8,db!$B:$B,$E$5))","v":13206},{"$f":"IF(I$10=$D11,\"\",SUMIFS(db!G:G,db!$A:$A,\">=\"&$E$7,db!$A:$A,\"<=\"&$E$8,db!$B:$B,$E$5)*SUMIFS(db!$C:$C,db!$A:$A,\">=\"&$E$7,db!$A:$A,\"<=\"&$E$8,db!$B:$B,$E$5))","v":8835},null,{"$f":"IF(K$10=$D11,\"\",SUMIFS(db!H:H,db!$A:$A,\">=\"&$E$7,db!$A:$A,\"<=\"&$E$8,db!$B:$B,$E$5)*SUMIFS(db!$C:$C,db!$A:$A,\">=\"&$E$7,db!$A:$A,\"<=\"&$E$8,db!$B:$B,$E$5))","v":96007},{"$f":"IF(L$10=$D11,\"\",SUMIFS(db!I:I,db!$A:$A,\">=\"&$E$7,db!$A:$A,\"<=\"&$E$8,db!$B:$B,$E$5)*SUMIFS(db!$C:$C,db!$A:$A,\">=\"&$E$7,db!$A:$A,\"<=\"&$E$8,db!$B:$B,$E$5))","v":443579},{"$f":"IF(M$10=$D11,\"\",SUMIFS(db!J:J,db!$A:$A,\">=\"&$E$7,db!$A:$A,\"<=\"&$E$8,db!$B:$B,$E$5)*SUMIFS(db!$C:$C,db!$A:$A,\">=\"&$E$7,db!$A:$A,\"<=\"&$E$8,db!$B:$B,$E$5))","v":9009406},{"$f":"IF(N$10=$D11,\"\",SUMIFS(db!K:K,db!$A:$A,\">=\"&$E$7,db!$A:$A,\"<=\"&$E$8,db!$B:$B,$E$5)*SUMIFS(db!$C:$C,db!$A:$A,\">=\"&$E$7,db!$A:$A,\"<=\"&$E$8,db!$B:$B,$E$5))","v":74.710000000000008},{"$f":"IF(O$10=$D11,\"\",SUMIFS(db!L:L,db!$A:$A,\">=\"&$E$7,db!$A:$A,\"<=\"&$E$8,db!$B:$B,$E$5)*SUMIFS(db!$C:$C,db!$A:$A,\">=\"&$E$7,db!$A:$A,\"<=\"&$E$8,db!$B:$B,$E$5))","v":84430515}]
[true,null,null,"Stat 2",{"$f":"IF(E$10=$D12,\"\",SUMIFS(db!C:C,db!$A:$A,\">=\"&$E$7,db!$A:$A,\"<=\"&$E$8,db!$B:$B,$E$5)*SUMIFS(db!$D:$D,db!$A:$A,\">=\"&$E$7,db!$A:$A,\"<=\"&$E$8,db!$B:$B,$E$5))","v":4247},{"$f":"IF(F$10=$D12,\"\",SUMIFS(db!D:D,db!$A:$A,\">=\"&$E$7,db!$A:$A,\"<=\"&$E$8,db!$B:$B,$E$5)*SUMIFS(db!$D:$D,db!$A:$A,\">=\"&$E$7,db!$A:$A,\"<=\"&$E$8,db!$B:$B,$E$5))","v":""},{"$f":"IF(G$10=$D12,\"\",SUMIFS(db!E:E,db!$A:$A,\">=\"&$E$7,db!$A:$A,\"<=\"&$E$8,db!$B:$B,$E$5)*SUMIFS(db!$D:$D,db!$A:$A,\">=\"&$E$7,db!$A:$A,\"<=\"&$E$8,db!$B:$B,$E$5))","v":28633},{"$f":"IF(H$10=$D12,\"\",SUMIFS(db!F:F,db!$A:$A,\">=\"&$E$7,db!$A:$A,\"<=\"&$E$8,db!$B:$B,$E$5)*SUMIFS(db!$D:$D,db!$A:$A,\">=\"&$E$7,db!$A:$A,\"<=\"&$E$8,db!$B:$B,$E$5))","v":58362},{"$f":"IF(I$10=$D12,\"\",SUMIFS(db!G:G,db!$A:$A,\">=\"&$E$7,db!$A:$A,\"<=\"&$E$8,db!$B:$B,$E$5)*SUMIFS(db!$D:$D,db!$A:$A,\">=\"&$E$7,db!$A:$A,\"<=\"&$E$8,db!$B:$B,$E$5))","v":39045},null,{"$f":"IF(K$10=$D12,\"\",SUMIFS(db!H:H,db!$A:$A,\">=\"&$E$7,db!$A:$A,\"<=\"&$E$8,db!$B:$B,$E$5)*SUMIFS(db!$D:$D,db!$A:$A,\">=\"&$E$7,db!$A:$A,\"<=\"&$E$8,db!$B:$B,$E$5))","v":424289},{"$f":"IF(L$10=$D12,\"\",SUMIFS(db!I:I,db!$A:$A,\">=\"&$E$7,db!$A:$A,\"<=\"&$E$8,db!$B:$B,$E$5)*SUMIFS(db!$D:$D,db!$A:$A,\">=\"&$E$7,db!$A:$A,\"<=\"&$E$8,db!$B:$B,$E$5))","v":1960333},{"$f":"IF(M$10=$D12,\"\",SUMIFS(db!J:J,db!$A:$A,\">=\"&$E$7,db!$A:$A,\"<=\"&$E$8,db!$B:$B,$E$5)*SUMIFS(db!$D:$D,db!$A:$A,\">=\"&$E$7,db!$A:$A,\"<=\"&$E$8,db!$B:$B,$E$5))","v":39815762},{"$f":"IF(N$10=$D12,\"\",SUMIFS(db!K:K,db!$A:$A,\">=\"&$E$7,db!$A:$A,\"<=\"&$E$8,db!$B:$B,$E$5)*SUMIFS(db!$D:$D,db!$A:$A,\">=\"&$E$7,db!$A:$A,\"<=\"&$E$8,db!$B:$B,$E$5))","v":330.17},{"$f":"IF(O$10=$D12,\"\",SUMIFS(db!L:L,db!$A:$A,\">=\"&$E$7,db!$A:$A,\"<=\"&$E$8,db!$B:$B,$E$5)*SUMIFS(db!$D:$D,db!$A:$A,\">=\"&$E$7,db!$A:$A,\"<=\"&$E$8,db!$B:$B,$E$5))","v":373128405}]
[true,null,null,"Stat 3",{"$f":"IF(E$10=$D13,\"\",SUMIFS(db!C:C,db!$A:$A,\">=\"&$E$7,db!$A:$A,\"<=\"&$E$8,db!$B:$B,$E$5)*SUMIFS(db!$E:$E,db!$A:$A,\">=\"&$E$7,db!$A:$A,\"<=\"&$E$8,db!$B:$B,$E$5))","v":6479},{"$f":"IF(F$10=$D13,\"\",SUMIFS(db!D:D,db!$A:$A,\">=\"&$E$7,db!$A:$A,\"<=\"&$E$8,db!$B:$B,$E$5)*SUMIFS(db!$E:$E,db!$A:$A,\">=\"&$E$7,db!$A:$A,\"<=\"&$E$8,db!$B:$B,$E$5))","v":28633},{"$f":"IF(G$10=$D13,\"\",SUMIFS(db!E:E,db!$A:$A,\">=\"&$E$7,db!$A:$A,\"<=\"&$E$8,db!$B:$B,$E$5)*SUMIFS(db!$E:$E,db!$A:$A,\">=\"&$E$7,db!$A:$A,\"<=\"&$E$8,db!$B:$B,$E$5))","v":""},{"$f":"IF(H$10=$D13,\"\",SUMIFS(db!F:F,db!$A:$A,\">=\"&$E$7,db!$A:$A,\"<=\"&$E$8,db!$B:$B,$E$5)*SUMIFS(db!$E:$E,db!$A:$A,\">=\"&$E$7,db!$A:$A,\"<=\"&$E$8,db!$B:$B,$E$5))","v":89034},{"$f":"IF(I$10=$D13,\"\",SUMIFS(db!G:G,db!$A:$A,\">=\"&$E$7,db!$A:$A,\"<=\"&$E$8,db!$B:$B,$E$5)*SUMIFS(db!$E:$E,db!$A:$A,\">=\"&$E$7,db!$A:$A,\"<=\"&$E$8,db!$B:$B,$E$5))","v":59565},null,{"$f":"IF(K$10=$D13,\"\",SUMIFS(db!H:H,db!$A:$A,\">=\"&$E$7,db!$A:$A,\"<=\"&$E$8,db!$B:$B,$E$5)*SUMIFS(db!$E:$E,db!$A:$A,\">=\"&$E$7,db!$A:$A,\"<=\"&$E$8,db!$B:$B,$E$5))","v":647273},{"$f":"IF(L$10=$D13,\"\",SUMIFS(db!I:I,db!$A:$A,\">=\"&$E$7,db!$A:$A,\"<=\"&$E$8,db!$B:$B,$E$5)*SUMIFS(db!$E:$E,db!$A:$A,\">=\"&$E$7,db!$A:$A,\"<=\"&$E$8,db!$B:$B,$E$5))","v":2990581},{"$f":"IF(M$10=$D13,\"\",SUMIFS(db!J:J,db!$A:$A,\">=\"&$E$7,db!$A:$A,\"<=\"&$E$8,db!$B:$B,$E$5)*SUMIFS(db!$E:$E,db!$A:$A,\">=\"&$E$7,db!$A:$A,\"<=\"&$E$8,db!$B:$B,$E$5))","v":60740834},{"$f":"IF(N$10=$D13,\"\",SUMIFS(db!K:K,db!$A:$A,\">=\"&$E$7,db!$A:$A,\"<=\"&$E$8,db!$B:$B,$E$5)*SUMIFS(db!$E:$E,db!$A:$A,\">=\"&$E$7,db!$A:$A,\"<=\"&$E$8,db!$B:$B,$E$5))","v":503.69000000000005},{"$f":"IF(O$10=$D13,\"\",SUMIFS(db!L:L,db!$A:$A,\">=\"&$E$7,db!$A:$A,\"<=\"&$E$8,db!$B:$B,$E$5)*SUMIFS(db!$E:$E,db!$A:$A,\">=\"&$E$7,db!$A:$A,\"<=\"&$E$8,db!$B:$B,$E$5))","v":569225085}]
[true,null,null,"Stat 4",{"$f":"IF(E$10=$D14,\"\",SUMIFS(db!C:C,db!$A:$A,\">=\"&$E$7,db!$A:$A,\"<=\"&$E$8,db!$B:$B,$E$5)*SUMIFS(db!$F:$F,db!$A:$A,\">=\"&$E$7,db!$A:$A,\"<=\"&$E$8,db!$B:$B,$E$5))","v":13206},{"$f":"IF(F$10=$D14,\"\",SUMIFS(db!D:D,db!$A:$A,\">=\"&$E$7,db!$A:$A,\"<=\"&$E$8,db!$B:$B,$E$5)*SUMIFS(db!$F:$F,db!$A:$A,\">=\"&$E$7,db!$A:$A,\"<=\"&$E$8,db!$B:$B,$E$5))","v":58362},{"$f":"IF(G$10=$D14,\"\",SUMIFS(db!E:E,db!$A:$A,\">=\"&$E$7,db!$A:$A,\"<=\"&$E$8,db!$B:$B,$E$5)*SUMIFS(db!$F:$F,db!$A:$A,\">=\"&$E$7,db!$A:$A,\"<=\"&$E$8,db!$B:$B,$E$5))","v":89034},{"$f":"IF(H$10=$D14,\"\",SUMIFS(db!F:F,db!$A:$A,\">=\"&$E$7,db!$A:$A,\"<=\"&$E$8,db!$B:$B,$E$5)*SUMIFS(db!$F:$F,db!$A:$A,\">=\"&$E$7,db!$A:$A,\"<=\"&$E$8,db!$B:$B,$E$5))","v":""},{"$f":"IF(I$10=$D14,\"\",SUMIFS(db!G:G,db!$A:$A,\">=\"&$E$7,db!$A:$A,\"<=\"&$E$8,db!$B:$B,$E$5)*SUMIFS(db!$F:$F,db!$A:$A,\">=\"&$E$7,db!$A:$A,\"<=\"&$E$8,db!$B:$B,$E$5))","v":121410},null,{"$f":"IF(K$10=$D14,\"\",SUMIFS(db!H:H,db!$A:$A,\">=\"&$E$7,db!$A:$A,\"<=\"&$E$8,db!$B:$B,$E$5)*SUMIFS(db!$F:$F,db!$A:$A,\">=\"&$E$7,db!$A:$A,\"<=\"&$E$8,db!$B:$B,$E$5))","v":1319322},{"$f":"IF(L$10=$D14,\"\",SUMIFS(db!I:I,db!$A:$A,\">=\"&$E$7,db!$A:$A,\"<=\"&$E$8,db!$B:$B,$E$5)*SUMIFS(db!$F:$F,db!$A:$A,\">=\"&$E$7,db!$A:$A,\"<=\"&$E$8,db!$B:$B,$E$5))","v":6095634},{"$f":"IF(M$10=$D14,\"\",SUMIFS(db!J:J,db!$A:$A,\">=\"&$E$7,db!$A:$A,\"<=\"&$E$8,db!$B:$B,$E$5)*SUMIFS(db!$F:$F,db!$A:$A,\">=\"&$E$7,db!$A:$A,\"<=\"&$E$8,db!$B:$B,$E$5))","v":123806676},{"$f":"IF(N$10=$D14,\"\",SUMIFS(db!K:K,db!$A:$A,\">=\"&$E$7,db!$A:$A,\"<=\"&$E$8,db!$B:$B,$E$5)*SUMIFS(db!$F:$F,db!$A:$A,\">=\"&$E$7,db!$A:$A,\"<=\"&$E$8,db!$B:$B,$E$5))","v":1026.6600000000001},{"$f":"IF(O$10=$D14,\"\",SUMIFS(db!L:L,db!$A:$A,\">=\"&$E$7,db!$A:$A,\"<=\"&$E$8,db!$B:$B,$E$5)*SUMIFS(db!$F:$F,db!$A:$A,\">=\"&$E$7,db!$A:$A,\"<=\"&$E$8,db!$B:$B,$E$5))","v":1160238690}]
[true,null,null,"Stat 5",{"$f":"IF(E$10=$D15,\"\",SUMIFS(db!C:C,db!$A:$A,\">=\"&$E$7,db!$A:$A,\"<=\"&$E$8,db!$B:$B,$E$5)*SUMIFS(db!$G:$G,db!$A:$A,\">=\"&$E$7,db!$A:$A,\"<=\"&$E$8,db!$B:$B,$E$5))","v":8835},{"$f":"IF(F$10=$D15,\"\",SUMIFS(db!D:D,db!$A:$A,\">=\"&$E$7,db!$A:$A,\"<=\"&$E$8,db!$B:$B,$E$5)*SUMIFS(db!$G:$G,db!$A:$A,\">=\"&$E$7,db!$A:$A,\"<=\"&$E$8,db!$B:$B,$E$5))","v":39045},{"$f":"IF(G$10=$D15,\"\",SUMIFS(db!E:E,db!$A:$A,\">=\"&$E$7,db!$A:$A,\"<=\"&$E$8,db!$B:$B,$E$5)*SUMIFS(db!$G:$G,db!$A:$A,\">=\"&$E$7,db!$A:$A,\"<=\"&$E$8,db!$B:$B,$E$5))","v":59565},{"$f":"IF(H$10=$D15,\"\",SUMIFS(db!F:F,db!$A:$A,\">=\"&$E$7,db!$A:$A,\"<=\"&$E$8,db!$B:$B,$E$5)*SUMIFS(db!$G:$G,db!$A:$A,\">=\"&$E$7,db!$A:$A,\"<=\"&$E$8,db!$B:$B,$E$5))","v":121410},{"$f":"IF(I$10=$D15,\"\",SUMIFS(db!G:G,db!$A:$A,\">=\"&$E$7,db!$A:$A,\"<=\"&$E$8,db!$B:$B,$E$5)*SUMIFS(db!$G:$G,db!$A:$A,\">=\"&$E$7,db!$A:$A,\"<=\"&$E$8,db!$B:$B,$E$5))","v":""},null,{"$f":"IF(K$10=$D15,\"\",SUMIFS(db!H:H,db!$A:$A,\">=\"&$E$7,db!$A:$A,\"<=\"&$E$8,db!$B:$B,$E$5)*SUMIFS(db!$G:$G,db!$A:$A,\">=\"&$E$7,db!$A:$A,\"<=\"&$E$8,db!$B:$B,$E$5))","v":882645},{"$f":"IF(L$10=$D15,\"\",SUMIFS(db!I:I,db!$A:$A,\">=\"&$E$7,db!$A:$A,\"<=\"&$E$8,db!$B:$B,$E$5)*SUMIFS(db!$G:$G,db!$A:$A,\">=\"&$E$7,db!$A:$A,\"<=\"&$E$8,db!$B:$B,$E$5))","v":4078065},{"$f":"IF(M$10=$D15,\"\",SUMIFS(db!J:J,db!$A:$A,\">=\"&$E$7,db!$A:$A,\"<=\"&$E$8,db!$B:$B,$E$5)*SUMIFS(db!$G:$G,db!$A:$A,\">=\"&$E$7,db!$A:$A,\"<=\"&$E$8,db!$B:$B,$E$5))","v":82828410},{"$f":"IF(N$10=$D15,\"\",SUMIFS(db!K:K,db!$A:$A,\">=\"&$E$7,db!$A:$A,\"<=\"&$E$8,db!$B:$B,$E$5)*SUMIFS(db!$G:$G,db!$A:$A,\">=\"&$E$7,db!$A:$A,\"<=\"&$E$8,db!$B:$B,$E$5))","v":686.85},{"$f":"IF(O$10=$D15,\"\",SUMIFS(db!L:L,db!$A:$A,\">=\"&$E$7,db!$A:$A,\"<=\"&$E$8,db!$B:$B,$E$5)*SUMIFS(db!$G:$G,db!$A:$A,\">=\"&$E$7,db!$A:$A,\"<=\"&$E$8,db!$B:$B,$E$5))","v":776216025}]
[{"$f":"$E$5=\"Compsognathus\"","v":false}]
[true,null,null,"Stat 6",{"$f":"IF(E$10=$D17,\"\",SUMIFS(db!C:C,db!$A:$A,\">=\"&$E$7,db!$A:$A,\"<=\"&$E$8,db!$B:$B,$E$5)*SUMIFS(db!$H:$H,db!$A:$A,\">=\"&$E$7,db!$A:$A,\"<=\"&$E$8,db!$B:$B,$E$5))","v":96007},{"$f":"IF(F$10=$D17,\"\",SUMIFS(db!D:D,db!$A:$A,\">=\"&$E$7,db!$A:$A,\"<=\"&$E$8,db!$B:$B,$E$5)*SUMIFS(db!$H:$H,db!$A:$A,\">=\"&$E$7,db!$A:$A,\"<=\"&$E$8,db!$B:$B,$E$5))","v":424289},{"$f":"IF(G$10=$D17,\"\",SUMIFS(db!E:E,db!$A:$A,\">=\"&$E$7,db!$A:$A,\"<=\"&$E$8,db!$B:$B,$E$5)*SUMIFS(db!$H:$H,db!$A:$A,\">=\"&$E$7,db!$A:$A,\"<=\"&$E$8,db!$B:$B,$E$5))","v":647273},{"$f":"IF(H$10=$D17,\"\",SUMIFS(db!F:F,db!$A:$A,\">=\"&$E$7,db!$A:$A,\"<=\"&$E$8,db!$B:$B,$E$5)*SUMIFS(db!$H:$H,db!$A:$A,\">=\"&$E$7,db!$A:$A,\"<=\"&$E$8,db!$B:$B,$E$5))","v":1319322},{"$f":"IF(I$10=$D17,\"\",SUMIFS(db!G:G,db!$A:$A,\">=\"&$E$7,db!$A:$A,\"<=\"&$E$8,db!$B:$B,$E$5)*SUMIFS(db!$H:$H,db!$A:$A,\">=\"&$E$7,db!$A:$A,\"<=\"&$E$8,db!$B:$B,$E$5))","v":882645},null,{"$f":"IF(K$10=$D17,\"\",SUMIFS(db!H:H,db!$A:$A,\">=\"&$E$7,db!$A:$A,\"<=\"&$E$8,db!$B:$B,$E$5)*SUMIFS(db!$H:$H,db!$A:$A,\">=\"&$E$7,db!$A:$A,\"<=\"&$E$8,db!$B:$B,$E$5))","v":""},{"$f":"IF(L$10=$D17,\"\",SUMIFS(db!I:I,db!$A:$A,\">=\"&$E$7,db!$A:$A,\"<=\"&$E$8,db!$B:$B,$E$5)*SUMIFS(db!$H:$H,db!$A:$A,\">=\"&$E$7,db!$A:$A,\"<=\"&$E$8,db!$B:$B,$E$5))","v":44314973},{"$f":"IF(M$10=$D17,\"\",SUMIFS(db!J:J,db!$A:$A,\">=\"&$E$7,db!$A:$A,\"<=\"&$E$8,db!$B:$B,$E$5)*SUMIFS(db!$H:$H,db!$A:$A,\">=\"&$E$7,db!$A:$A,\"<=\"&$E$8,db!$B:$B,$E$5))","v":900068722},{"$f":"IF(N$10=$D17,\"\",SUMIFS(db!K:K,db!$A:$A,\">=\"&$E$7,db!$A:$A,\"<=\"&$E$8,db!$B:$B,$E$5)*SUMIFS(db!$H:$H,db!$A:$A,\">=\"&$E$7,db!$A:$A,\"<=\"&$E$8,db!$B:$B,$E$5))","v":7463.77},{"$f":"IF(O$10=$D17,\"\",SUMIFS(db!L:L,db!$A:$A,\">=\"&$E$7,db!$A:$A,\"<=\"&$E$8,db!$B:$B,$E$5)*SUMIFS(db!$H:$H,db!$A:$A,\">=\"&$E$7,db!$A:$A,\"<=\"&$E$8,db!$B:$B,$E$5))","v":8434880805}]
[true,null,null,"Stat 7",{"$f":"IF(E$10=$D18,\"\",SUMIFS(db!C:C,db!$A:$A,\">=\"&$E$7,db!$A:$A,\"<=\"&$E$8,db!$B:$B,$E$5)*SUMIFS(db!$I:$I,db!$A:$A,\">=\"&$E$7,db!$A:$A,\"<=\"&$E$8,db!$B:$B,$E$5))","v":443579},{"$f":"IF(F$10=$D18,\"\",SUMIFS(db!D:D,db!$A:$A,\">=\"&$E$7,db!$A:$A,\"<=\"&$E$8,db!$B:$B,$E$5)*SUMIFS(db!$I:$I,db!$A:$A,\">=\"&$E$7,db!$A:$A,\"<=\"&$E$8,db!$B:$B,$E$5))","v":1960333},{"$f":"IF(G$10=$D18,\"\",SUMIFS(db!E:E,db!$A:$A,\">=\"&$E$7,db!$A:$A,\"<=\"&$E$8,db!$B:$B,$E$5)*SUMIFS(db!$I:$I,db!$A:$A,\">=\"&$E$7,db!$A:$A,\"<=\"&$E$8,db!$B:$B,$E$5))","v":2990581},{"$f":"IF(H$10=$D18,\"\",SUMIFS(db!F:F,db!$A:$A,\">=\"&$E$7,db!$A:$A,\"<=\"&$E$8,db!$B:$B,$E$5)*SUMIFS(db!$I:$I,db!$A:$A,\">=\"&$E$7,db!$A:$A,\"<=\"&$E$8,db!$B:$B,$E$5))","v":6095634},{"$f":"IF(I$10=$D18,\"\",SUMIFS(db!G:G,db!$A:$A,\">=\"&$E$7,db!$A:$A,\"<=\"&$E$8,db!$B:$B,$E$5)*SUMIFS(db!$I:$I,db!$A:$A,\">=\"&$E$7,db!$A:$A,\"<=\"&$E$8,db!$B:$B,$E$5))","v":4078065},null,{"$f":"IF(K$10=$D18,\"\",SUMIFS(db!H:H,db!$A:$A,\">=\"&$E$7,db!$A:$A,\"<=\"&$E$8,db!$B:$B,$E$5)*SUMIFS(db!$I:$I,db!$A:$A,\">=\"&$E$7,db!$A:$A,\"<=\"&$E$8,db!$B:$B,$E$5))","v":44314973},{"$f":"IF(L$10=$D18,\"\",SUMIFS(db!I:I,db!$A:$A,\">=\"&$E$7,db!$A:$A,\"<=\"&$E$8,db!$B:$B,$E$5)*SUMIFS(db!$I:$I,db!$A:$A,\">=\"&$E$7,db!$A:$A,\"<=\"&$E$8,db!$B:$B,$E$5))","v":""},{"$f":"IF(M$10=$D18,\"\",SUMIFS(db!J:J,db!$A:$A,\">=\"&$E$7,db!$A:$A,\"<=\"&$E$8,db!$B:$B,$E$5)*SUMIFS(db!$I:$I,db!$A:$A,\">=\"&$E$7,db!$A:$A,\"<=\"&$E$8,db!$B:$B,$E$5))","v":4158567434},{"$f":"IF(N$10=$D18,\"\",SUMIFS(db!K:K,db!$A:$A,\">=\"&$E$7,db!$A:$A,\"<=\"&$E$8,db!$B:$B,$E$5)*SUMIFS(db!$I:$I,db!$A:$A,\">=\"&$E$7,db!$A:$A,\"<=\"&$E$8,db!$B:$B,$E$5))","v":34484.69},{"$f":"IF(O$10=$D18,\"\",SUMIFS(db!L:L,db!$A:$A,\">=\"&$E$7,db!$A:$A,\"<=\"&$E$8,db!$B:$B,$E$5)*SUMIFS(db!$I:$I,db!$A:$A,\">=\"&$E$7,db!$A:$A,\"<=\"&$E$8,db!$B:$B,$E$5))","v":38971491585}]
[true,null,null,"Stat 8",{"$f":"IF(E$10=$D19,\"\",SUMIFS(db!C:C,db!$A:$A,\">=\"&$E$7,db!$A:$A,\"<=\"&$E$8,db!$B:$B,$E$5)*SUMIFS(db!$J:$J,db!$A:$A,\">=\"&$E$7,db!$A:$A,\"<=\"&$E$8,db!$B:$B,$E$5))","v":9009406},{"$f":"IF(F$10=$D19,\"\",SUMIFS(db!D:D,db!$A:$A,\">=\"&$E$7,db!$A:$A,\"<=\"&$E$8,db!$B:$B,$E$5)*SUMIFS(db!$J:$J,db!$A:$A,\">=\"&$E$7,db!$A:$A,\"<=\"&$E$8,db!$B:$B,$E$5))","v":39815762},{"$f":"IF(G$10=$D19,\"\",SUMIFS(db!E:E,db!$A:$A,\">=\"&$E$7,db!$A:$A,\"<=\"&$E$8,db!$B:$B,$E$5)*SUMIFS(db!$J:$J,db!$A:$A,\">=\"&$E$7,db!$A:$A,\"<=\"&$E$8,db!$B:$B,$E$5))","v":60740834},{"$f":"IF(H$10=$D19,\"\",SUMIFS(db!F:F,db!$A:$A,\">=\"&$E$7,db!$A:$A,\"<=\"&$E$8,db!$B:$B,$E$5)*SUMIFS(db!$J:$J,db!$A:$A,\">=\"&$E$7,db!$A:$A,\"<=\"&$E$8,db!$B:$B,$E$5))","v":123806676},{"$f":"IF(I$10=$D19,\"\",SUMIFS(db!G:G,db!$A:$A,\">=\"&$E$7,db!$A:$A,\"<=\"&$E$8,db!$B:$B,$E$5)*SUMIFS(db!$J:$J,db!$A:$A,\">=\"&$E$7,db!$A:$A,\"<=\"&$E$8,db!$B:$B,$E$5))","v":82828410},null,{"$f":"IF(K$10=$D19,\"\",SUMIFS(db!H:H,db!$A:$A,\">=\"&$E$7,db!$A:$A,\"<=\"&$E$8,db!$B:$B,$E$5)*SUMIFS(db!$J:$J,db!$A:$A,\">=\"&$E$7,db!$A:$A,\"<=\"&$E$8,db!$B:$B,$E$5))","v":900068722},{"$f":"IF(L$10=$D19,\"\",SUMIFS(db!I:I,db!$A:$A,\">=\"&$E$7,db!$A:$A,\"<=\"&$E$8,db!$B:$B,$E$5)*SUMIFS(db!$J:$J,db!$A:$A,\">=\"&$E$7,db!$A:$A,\"<=\"&$E$8,db!$B:$B,$E$5))","v":4158567434},{"$f":"IF(M$10=$D19,\"\",SUMIFS(db!J:J,db!$A:$A,\">=\"&$E$7,db!$A:$A,\"<=\"&$E$8,db!$B:$B,$E$5)*SUMIFS(db!$J:$J,db!$A:$A,\">=\"&$E$7,db!$A:$A,\"<=\"&$E$8,db!$B:$B,$E$5))","v":""},{"$f":"IF(N$10=$D19,\"\",SUMIFS(db!K:K,db!$A:$A,\">=\"&$E$7,db!$A:$A,\"<=\"&$E$8,db!$B:$B,$E$5)*SUMIFS(db!$J:$J,db!$A:$A,\">=\"&$E$7,db!$A:$A,\"<=\"&$E$8,db!$B:$B,$E$5))","v":700408.66},{"$f":"IF(O$10=$D19,\"\",SUMIFS(db!L:L,db!$A:$A,\">=\"&$E$7,db!$A:$A,\"<=\"&$E$8,db!$B:$B,$E$5)*SUMIFS(db!$J:$J,db!$A:$A,\">=\"&$E$7,db!$A:$A,\"<=\"&$E$8,db!$B:$B,$E$5))","v":791538801690}]
[true,null,null,"Stat 9",{"$f":"IF(E$10=$D20,\"\",SUMIFS(db!C:C,db!$A:$A,\">=\"&$E$7,db!$A:$A,\"<=\"&$E$8,db!$B:$B,$E$5)*SUMIFS(db!$K:$K,db!$A:$A,\">=\"&$E$7,db!$A:$A,\"<=\"&$E$8,db!$B:$B,$E$5))","v":74.710000000000008},{"$f":"IF(F$10=$D20,\"\",SUMIFS(db!D:D,db!$A:$A,\">=\"&$E$7,db!$A:$A,\"<=\"&$E$8,db!$B:$B,$E$5)*SUMIFS(db!$K:$K,db!$A:$A,\">=\"&$E$7,db!$A:$A,\"<=\"&$E$8,db!$B:$B,$E$5))","v":330.17},{"$f":"IF(G$10=$D20,\"\",SUMIFS(db!E:E,db!$A:$A,\">=\"&$E$7,db!$A:$A,\"<=\"&$E$8,db!$B:$B,$E$5)*SUMIFS(db!$K:$K,db!$A:$A,\">=\"&$E$7,db!$A:$A,\"<=\"&$E$8,db!$B:$B,$E$5))","v":503.69000000000005},{"$f":"IF(H$10=$D20,\"\",SUMIFS(db!F:F,db!$A:$A,\">=\"&$E$7,db!$A:$A,\"<=\"&$E$8,db!$B:$B,$E$5)*SUMIFS(db!$K:$K,db!$A:$A,\">=\"&$E$7,db!$A:$A,\"<=\"&$E$8,db!$B:$B,$E$5))","v":1026.6600000000001},{"$f":"IF(I$10=$D20,\"\",SUMIFS(db!G:G,db!$A:$A,\">=\"&$E$7,db!$A:$A,\"<=\"&$E$8,db!$B:$B,$E$5)*SUMIFS(db!$K:$K,db!$A:$A,\">=\"&$E$7,db!$A:$A,\"<=\"&$E$8,db!$B:$B,$E$5))","v":686.85},null,{"$f":"IF(K$10=$D20,\"\",SUMIFS(db!H:H,db!$A:$A,\">=\"&$E$7,db!$A:$A,\"<=\"&$E$8,db!$B:$B,$E$5)*SUMIFS(db!$K:$K,db!$A:$A,\">=\"&$E$7,db!$A:$A,\"<=\"&$E$8,db!$B:$B,$E$5))","v":7463.77},{"$f":"IF(L$10=$D20,\"\",SUMIFS(db!I:I,db!$A:$A,\">=\"&$E$7,db!$A:$A,\"<=\"&$E$8,db!$B:$B,$E$5)*SUMIFS(db!$K:$K,db!$A:$A,\">=\"&$E$7,db!$A:$A,\"<=\"&$E$8,db!$B:$B,$E$5))","v":34484.69},{"$f":"IF(M$10=$D20,\"\",SUMIFS(db!J:J,db!$A:$A,\">=\"&$E$7,db!$A:$A,\"<=\"&$E$8,db!$B:$B,$E$5)*SUMIFS(db!$K:$K,db!$A:$A,\">=\"&$E$7,db!$A:$A,\"<=\"&$E$8,db!$B:$B,$E$5))","v":700408.66},{"$f":"IF(N$10=$D20,\"\",SUMIFS(db!K:K,db!$A:$A,\">=\"&$E$7,db!$A:$A,\"<=\"&$E$8,db!$B:$B,$E$5)*SUMIFS(db!$K:$K,db!$A:$A,\">=\"&$E$7,db!$A:$A,\"<=\"&$E$8,db!$B:$B,$E$5))","v":""},{"$f":"IF(O$10=$D20,\"\",SUMIFS(db!L:L,db!$A:$A,\">=\"&$E$7,db!$A:$A,\"<=\"&$E$8,db!$B:$B,$E$5)*SUMIFS(db!$K:$K,db!$A:$A,\">=\"&$E$7,db!$A:$A,\"<=\"&$E$8,db!$B:$B,$E$5))","v":6563791.6500000004}]
[true,null,null,"Stat 10",{"$f":"IF(E$10=$D21,\"\",SUMIFS(db!C:C,db!$A:$A,\">=\"&$E$7,db!$A:$A,\"<=\"&$E$8,db!$B:$B,$E$5)*SUMIFS(db!$L:$L,db!$A:$A,\">=\"&$E$7,db!$A:$A,\"<=\"&$E$8,db!$B:$B,$E$5))","v":84430515},{"$f":"IF(F$10=$D21,\"\",SUMIFS(db!D:D,db!$A:$A,\">=\"&$E$7,db!$A:$A,\"<=\"&$E$8,db!$B:$B,$E$5)*SUMIFS(db!$L:$L,db!$A:$A,\">=\"&$E$7,db!$A:$A,\"<=\"&$E$8,db!$B:$B,$E$5))","v":373128405},{"$f":"IF(G$10=$D21,\"\",SUMIFS(db!E:E,db!$A:$A,\">=\"&$E$7,db!$A:$A,\"<=\"&$E$8,db!$B:$B,$E$5)*SUMIFS(db!$L:$L,db!$A:$A,\">=\"&$E$7,db!$A:$A,\"<=\"&$E$8,db!$B:$B,$E$5))","v":569225085},{"$f":"IF(H$10=$D21,\"\",SUMIFS(db!F:F,db!$A:$A,\">=\"&$E$7,db!$A:$A,\"<=\"&$E$8,db!$B:$B,$E$5)*SUMIFS(db!$L:$L,db!$A:$A,\">=\"&$E$7,db!$A:$A,\"<=\"&$E$8,db!$B:$B,$E$5))","v":1160238690},{"$f":"IF(I$10=$D21,\"\",SUMIFS(db!G:G,db!$A:$A,\">=\"&$E$7,db!$A:$A,\"<=\"&$E$8,db!$B:$B,$E$5)*SUMIFS(db!$L:$L,db!$A:$A,\">=\"&$E$7,db!$A:$A,\"<=\"&$E$8,db!$B:$B,$E$5))","v":776216025},null,{"$f":"IF(K$10=$D21,\"\",SUMIFS(db!H:H,db!$A:$A,\">=\"&$E$7,db!$A:$A,\"<=\"&$E$8,db!$B:$B,$E$5)*SUMIFS(db!$L:$L,db!$A:$A,\">=\"&$E$7,db!$A:$A,\"<=\"&$E$8,db!$B:$B,$E$5))","v":8434880805},{"$f":"IF(L$10=$D21,\"\",SUMIFS(db!I:I,db!$A:$A,\">=\"&$E$7,db!$A:$A,\"<=\"&$E$8,db!$B:$B,$E$5)*SUMIFS(db!$L:$L,db!$A:$A,\">=\"&$E$7,db!$A:$A,\"<=\"&$E$8,db!$B:$B,$E$5))","v":38971491585},{"$f":"IF(M$10=$D21,\"\",SUMIFS(db!J:J,db!$A:$A,\">=\"&$E$7,db!$A:$A,\"<=\"&$E$8,db!$B:$B,$E$5)*SUMIFS(db!$L:$L,db!$A:$A,\">=\"&$E$7,db!$A:$A,\"<=\"&$E$8,db!$B:$B,$E$5))","v":791538801690},{"$f":"IF(N$10=$D21,\"\",SUMIFS(db!K:K,db!$A:$A,\">=\"&$E$7,db!$A:$A,\"<=\"&$E$8,db!$B:$B,$E$5)*SUMIFS(db!$L:$L,db!$A:$A,\">=\"&$E$7,db!$A:$A,\"<=\"&$E$8,db!$B:$B,$E$5))","v":6563791.6500000004},{"$f":"IF(O$10=$D21,\"\",SUMIFS(db!L:L,db!$A:$A,\">=\"&$E$7,db!$A:$A,\"<=\"&$E$8,db!$B:$B,$E$5)*SUMIFS(db!$L:$L,db!$A:$A,\">=\"&$E$7,db!$A:$A,\"<=\"&$E$8,db!$B:$B,$E$5))","v":""}]

{"sheet":"Report 2","index":3,"n_rows":22,"n_cols":6,"rows_kept":22,"cut":false,"hidden":false,"merged":[]}
[false,true,true,true,{"$f":"$F$5=\"Compsognathus\"","v":false},true]
[true]
[true,null,{"$f":"\"Stat Totals  |  \"&F5&\"  |  \"&TEXT(F7,\"d/m/y\")&\" to \"&TEXT(F8,\"d/m/y\")","v":"Stat Totals  |  Baryonyx  |  1/1/15 to 1/5/15"}]
[true]
[true,null,null,"Genus",null,"Baryonyx"]
[true]
[true,null,null,"Start Date",null,"2015-01-01"]
[true,null,null,"End Date",null,"2015-05-01"]
[true]
[true]
[true,null,null,"Stat",null,"Total"]
[true,null,null,"Stat 1",null,{"$f":"SUMIFS(db!$C:$C,db!$A:$A,\">=\"&$F$7,db!$A:$A,\"<=\"&$F$8,db!$B:$B,$F$5)","v":31}]
[true,null,null,"Stat 2",null,{"$f":"SUMIFS(db!$D:$D,db!$A:$A,\">=\"&$F$7,db!$A:$A,\"<=\"&$F$8,db!$B:$B,$F$5)","v":137}]
[true,null,null,"Stat 3",null,{"$f":"SUMIFS(db!$E:$E,db!$A:$A,\">=\"&$F$7,db!$A:$A,\"<=\"&$F$8,db!$B:$B,$F$5)","v":209}]
[true,null,null,"Stat 4",null,{"$f":"SUMIFS(db!$F:$F,db!$A:$A,\">=\"&$F$7,db!$A:$A,\"<=\"&$F$8,db!$B:$B,$F$5)","v":426}]
[true,null,null,"Stat 5",null,{"$f":"SUMIFS(db!$G:$G,db!$A:$A,\">=\"&$F$7,db!$A:$A,\"<=\"&$F$8,db!$B:$B,$F$5)","v":285}]
[{"$f":"$F$5=\"Compsognathus\"","v":false}]
[true,null,null,"Stat 6",null,{"$f":"SUMIFS(db!$H:$H,db!$A:$A,\">=\"&$F$7,db!$A:$A,\"<=\"&$F$8,db!$B:$B,$F$5)","v":3097}]
[true,null,null,"Stat 7",null,{"$f":"SUMIFS(db!$I:$I,db!$A:$A,\">=\"&$F$7,db!$A:$A,\"<=\"&$F$8,db!$B:$B,$F$5)","v":14309}]
[true,null,null,"Stat 8",null,{"$f":"SUMIFS(db!$J:$J,db!$A:$A,\">=\"&$F$7,db!$A:$A,\"<=\"&$F$8,db!$B:$B,$F$5)","v":290626}]
[true,null,null,"Stat 9",null,{"$f":"SUMIFS(db!$K:$K,db!$A:$A,\">=\"&$F$7,db!$A:$A,\"<=\"&$F$8,db!$B:$B,$F$5)","v":2.41}]
[true,null,null,"Stat 10",null,{"$f":"SUMIFS(db!$L:$L,db!$A:$A,\">=\"&$F$7,db!$A:$A,\"<=\"&$F$8,db!$B:$B,$F$5)","v":2723565}]

{"sheet":"Report 3","index":4,"n_rows":29,"n_cols":10,"rows_kept":29,"cut":false,"hidden":false,"merged":[]}
[false,true,true,true,true,{"$f":"$E$5=\"Compsognathus\"","v":false},true,true,true,true]
[true]
[true,null,{"$f":"\"Monthly Stat Trending  |  \"&E5&\"  |  \"&TEXT(E7,\"d/m/y\")&\" to \"&TEXT(E8,\"d/m/y\")","v":"Monthly Stat Trending  |  Baryonyx  |  1/1/15 to 1/5/15"}]
[true]
[true,null,null,"Genus","Baryonyx"]
[true]
[true,null,null,"Start Date","2015-01-01"]
[true,null,null,"End Date","2015-05-01"]
[true]
[true]
[true,null,null,null,{"$f":"E7","v":"2015-01-01"},null,{"$f":"IF(DATE(YEAR(E11),MONTH(E11)+1,1)<=$E$8,DATE(YEAR(E11),MONTH(E11)+1,1),NA())","v":"2015-02-01"},{"$f":"IF(DATE(YEAR(G11),MONTH(G11)+1,1)<=$E$8,DATE(YEAR(G11),MONTH(G11)+1,1),NA())","v":"2015-03-01"},{"$f":"IF(DATE(YEAR(H11),MONTH(H11)+1,1)<=$E$8,DATE(YEAR(H11),MONTH(H11)+1,1),NA())","v":"2015-04-01"},{"$f":"IF(DATE(YEAR(I11),MONTH(I11)+1,1)<=$E$8,DATE(YEAR(I11),MONTH(I11)+1,1),NA())","v":"2015-05-01"}]
[true,null,null,"Stat 4",{"$f":"SUMIFS(db!$F:$F,db!$A:$A,E$11,db!$B:$B,$E$5)","v":35},null,{"$f":"SUMIFS(db!$F:$F,db!$A:$A,G$11,db!$B:$B,$E$5)","v":223},{"$f":"SUMIFS(db!$F:$F,db!$A:$A,H$11,db!$B:$B,$E$5)","v":65},{"$f":"SUMIFS(db!$F:$F,db!$A:$A,I$11,db!$B:$B,$E$5)","v":39},{"$f":"SUMIFS(db!$F:$F,db!$A:$A,J$11,db!$B:$B,$E$5)","v":64}]
[{"$f":"$E$5=\"Compsognathus\"","v":false}]
[true,null,null,"Stat 5",{"$f":"SUMIFS(db!$G:$G,db!$A:$A,E$11,db!$B:$B,$E$5)","v":25},null,{"$f":"SUMIFS(db!$G:$G,db!$A:$A,G$11,db!$B:$B,$E$5)","v":25},{"$f":"SUMIFS(db!$G:$G,db!$A:$A,H$11,db!$B:$B,$E$5)","v":3},{"$f":"SUMIFS(db!$G:$G,db!$A:$A,I$11,db!$B:$B,$E$5)","v":115},{"$f":"SUMIFS(db!$G:$G,db!$A:$A,J$11,db!$B:$B,$E$5)","v":117}]
[true]
[true]
[true]
[true]
[true]
[true]
[true]
[true]
[true]
[true]
[true]
[true]
[true]
[true]
[true]